ppose -4*x + 8 = -4*f, 2*f + 10 = f + 3*x. Suppose f*l - 3118 = -2*z + 2044, -z + 2587 = 4*l. Is z a prime number?
True
Let r(u) = -133724*u + 1655. Let h(m) = -323*m + 4. Let l(q) = 1655*h(q) - 4*r(q). Is l(5) a prime number?
False
Let i(a) = 3730*a**2 + 22*a + 15. Is i(-2) a prime number?
True
Suppose 5*t - 8*t + 14376 = 0. Is t/5 + 18/(-45) composite?
True
Let i = -22 - -25. Suppose -5*c + 19 = -0*c - 2*y, 17 = i*c - 4*y. Suppose -c*t + 3291 = 930. Is t a prime number?
True
Let q = 133168 - 74441. Is q prime?
True
Suppose 84*w - 738043 - 2992481 = 0. Is w prime?
False
Let g(i) = -127*i - 48. Let d be g(-2). Suppose 2*c = d + 1272. Is c prime?
True
Suppose -4*v - 41 + 57 = 0. Is -4*(v + (-6)/(24/6263)) composite?
False
Suppose o = -4*b + 2201, -b + 3*o + 454 = -80. Let a = 2882 - b. Is a composite?
False
Is (-5)/2*(-1271216)/8 a composite number?
True
Let q be 9/45 + 6972/(-10). Let d = 1281 + -2787. Let b = q - d. Is b a composite number?
False
Let f be (-1)/(5 + (-456024)/91204). Suppose 615 + f = 8*h. Is h composite?
False
Let d = 1110 + -4200. Let w = -2011 - d. Is w composite?
True
Let d(s) = -s - 2. Let m be d(-4). Suppose -2*k + 3803 = 5*y, k + m*k = y + 5730. Is k a composite number?
True
Suppose 4*s = -l + 1367350, 0 = -177*s + 178*s + 2*l - 341827. Is s a composite number?
False
Suppose -s = 5*w - 120170, 0 = 5*s + 3*w + 157367 - 758261. Suppose 260*i - 240*i = s. Is i composite?
True
Suppose 4*l - 48196 - 148206 = -5*v, -3*v + 49097 = l. Is l composite?
False
Suppose 76*y + 24 = 78*y. Suppose 11*f = y*f - 1139. Is f a composite number?
True
Let g = -49 + 54. Suppose -i = -4*o - 7805, o + 38949 = g*i - 0*o. Is i a prime number?
True
Let w = -186022 + 377033. Suppose -7603 = -26*y + w. Is y prime?
True
Let i = -66 + 69. Suppose 24 = 4*z + i*h, 2*z - 4*h + 12 = 2. Suppose 5*s = z*m - 10334, 0*m + 10374 = 3*m + 3*s. Is m a prime number?
False
Let t(m) = 30769*m**2 - m + 3. Is t(-1) a composite number?
False
Let p = 79918 - 27828. Let d = 80439 - p. Is d a prime number?
True
Suppose -2*q + 49584 + 66592 = -2*u, -116173 = -2*q + u. Let m = -12438 + q. Is m a composite number?
True
Let o be (-45)/(-12) + (-2)/(-8). Suppose 4*a - 16 + 4 = 4*d, -d = -2*a + 7. Suppose a*v - b + o*b = 2645, -b = -4*v + 2649. Is v prime?
False
Let l(b) = 20754*b + 3931. Is l(15) prime?
False
Let n(k) = 7*k**3 - 4*k**2 + k + 6. Let d be n(2). Let j = -161 + d. Let p = 168 + j. Is p composite?
True
Is 100/(-1000) - (13192822/(-20) - -2) a prime number?
True
Let r(b) = b**2 - 82*b + 509. Is r(6) prime?
True
Let j be (-8 - -6) + (4 - -2) + 1. Is 87/(j + (-2324)/469) a prime number?
False
Suppose -c = 3*x - 5*c - 7620, -12711 = -5*x + 3*c. Suppose -8*o + 2641 = 10457. Let a = o + x. Is a prime?
True
Let k(x) = -841*x - 14. Let f be 1*0*(-1)/(-4). Suppose -41 = 3*g - 5*m, 3*g + f*m + 25 = m. Is k(g) prime?
False
Suppose 12*o = 14*o + 104. Let r = o + 51. Is (r - 4/4)/((-4)/166) a prime number?
True
Suppose -4*f + 1450175 + 786250 = 71*f. Is f a prime number?
True
Suppose -3*q = -6, -l = -q - 3*q. Is (3814/4 - l/16)/1 a composite number?
False
Suppose 446*s - 442*s - 2*a = 995926, 4*a = -s + 248977. Is s a prime number?
True
Is 14045340/144 - (-12)/(-144) a composite number?
True
Let n(w) = 30*w**2 + 16*w + 39. Let c be n(-3). Let b = c - 140. Is b a composite number?
True
Suppose 23*i - 40*i = 22*i - 7726251. Is i a composite number?
False
Is -91438*((-13)/(-2) + -7) - (-1 - -1) a prime number?
False
Suppose 17 + 25 = 6*o. Suppose -o*c - 8 + 1 = 0. Is (-1)/(-3) + c + 1114/6 a prime number?
False
Let j(h) = -h**3 + 55*h**2 + 121*h - 347. Let y be j(57). Suppose 0 = 4*o - 0*q + q - 18, -4*o = 4*q - 12. Let s = y + o. Is s a composite number?
True
Let s(u) = -3*u - 10. Let t be s(-6). Let a(d) = 3*d**3 - 4*d**2 + 3*d + 2. Let x be a(t). Suppose -g = -3*g + x. Is g prime?
True
Suppose -19*h + 9282 = -8331. Let x = h - 596. Is x composite?
False
Is (4 - 2)*885226*(-58)/(-232) composite?
True
Is ((-1)/1)/((-172)/27483364) prime?
True
Suppose -y + 40885 = -2*j, 0 = -7*y + 6*y - 3*j + 40875. Is y composite?
True
Suppose -g - 15665 = -3*c, -5*c + 8233 = -g - 17876. Let k = 4061 + c. Is k prime?
True
Suppose -o - 5*k - 12 = -3, 3*o + 4*k = 6. Suppose o*b + 3*q - 4906 = 4*b, b - 2451 = -2*q. Is b prime?
True
Suppose 36*l = -24*l + 24*l + 17333604. Is l a prime number?
True
Let g(h) = -4*h - 33. Let y be g(-11). Let f be 1/1*-1446 - 33/y. Let b = -796 - f. Is b composite?
False
Let g(m) = 5*m**3 - 16*m**2 + 20*m + 236. Is g(13) a composite number?
True
Let h = 2663 + -4348. Let o = -762 - h. Is o a composite number?
True
Suppose 4*b = 2*z - 21450, -15*z + 16*z + 2*b = 10721. Is z a prime number?
True
Let i(v) = 212*v**3 - v**2 + v. Let c be i(3). Suppose 18*t = 12*t + c. Is t composite?
False
Suppose -5112*m = -5113*m + 3107. Is m prime?
False
Is (-7)/((-14)/(-700482))*(14/(-6) + 2) composite?
False
Let i(g) = 4618*g**3 - 13*g**2 + 67*g - 4. Is i(3) prime?
False
Let n be ((1/3)/(-1))/(4/(-36)). Suppose -4686 = -n*o + 3597. Is o composite?
True
Let v be -94 + 32/(-6)*3/(-4). Is 3830/v*-114 - 10/(-6) composite?
True
Suppose 8 = 2*a, -a = j - 22 + 18. Suppose -k + d + 6459 = j, -d = -4*k - k + 32279. Is k a composite number?
True
Is (7/(-21))/((-2)/18) + (3 - -164715) prime?
False
Let b(w) = w**3 + 15*w**2 + 10*w + 25. Let y(u) = -9*u**2 + 5*u + 2. Let k be y(-1). Is b(k) a prime number?
True
Let o(s) = -93*s + 84. Let f be o(6). Let x = 963 + f. Is x composite?
True
Let k(q) = 253*q + 1279. Is k(108) a prime number?
True
Let b = -657275 - -964726. Is b a prime number?
True
Suppose -4*s - 445 = -725. Is ((-42035)/s)/(3/(-6)) composite?
False
Let d(z) = 336*z**3 - z**2. Suppose -9*i + 3 - 12 = 0. Let v be d(i). Let p = 588 + v. Is p a prime number?
True
Let i = 10 + -10. Suppose i*k - 3*k = o - 26, 2*o - 7 = -k. Is k/6*(-178)/(-3) a composite number?
False
Let f = 120776 - 80083. Is f a composite number?
False
Let r(o) = o + 21. Let p be r(-17). Let i(f) = -f**3 + 4*f**2 + 2. Let g be i(p). Suppose -g*s + 4*m = -156 - 390, 0 = 4*m + 20. Is s composite?
False
Is ((-153)/27 - -6)*187665/5 composite?
False
Suppose 0 = j - 2 - 2. Let u(k) be the second derivative of 8*k**4 - k**2/2 - 2*k + 3. Is u(j) composite?
True
Let t(c) = -c**3 + 17*c**2 + 19*c - 26. Let n be t(18). Let d = n + 10. Suppose 8*i = d*i + 786. Is i prime?
True
Let s(r) = -r**2 - 14*r - 36. Let j be s(-10). Suppose a - j*u - 9 = 0, 14 = -4*a - u + 50. Suppose -a*y + 35893 = 4*y. Is y a composite number?
True
Let m(n) = -n**3 - 8*n**2 + 3*n + 20. Let o be m(-8). Let d be (-47 - 1)/((-119)/(-28) + o). Let t = d - -1057. Is t a composite number?
True
Suppose 0 = 4*s + 5 - 17. Let c(m) = -12 + 3*m + s*m - m + 3*m**2 + 31. Is c(7) composite?
True
Suppose -32*j = -36*j - 24. Is 4 + (20876 - (-42)/j) a prime number?
True
Let q(k) = 4*k**3 + 7*k**2 - 11*k - 24. Let o be q(10). Let a = o - 1669. Is a a composite number?
False
Let r(g) = -g**3 + 7*g**2 - g - 7. Let i be r(6). Let j(a) = a**3 - 10*a**2 + 50*a - 34. Is j(i) a composite number?
False
Suppose v + 14 - 24 = 0. Let u(z) = -972*z - 6. Let b be u(-7). Suppose 2728 - b = -v*p. Is p a prime number?
False
Suppose 16*h + 1052085 = 34*h - 3*h. Is h prime?
True
Let y = -82639 - -160320. Is y prime?
True
Let u(o) = -o**2 + 1. Let g(c) = -2*c**2 - 3 + 0 + 0*c + 6 + 2*c. Let m(y) = -g(y) + u(y). Is m(25) composite?
True
Suppose 298 = 27*k - 26*k. Let t = k + 389. Suppose -336 = -3*j + t. Is j a composite number?
True
Let h be 23340/16 + -2*(-3)/24. Let g = 2888 - h. Suppose g = 2*k - 3489. Is k a composite number?
False
Let u(h) be the second derivative of 251*h**4/6 + 10*h**3/3 + 41*h**2/2 - 276*h. Is u(-4) a composite number?
False
Let x(t) = -t**3 + 6*t**2 - t + 6. Let n be x(5). Suppose -2*y = -4*c + n, 3*c + 4*y = 2*y + 37. Suppose 16*f = c*f + 6671. Is f a prime number?
True
Let y(t) be the third derivative of t**4/8 + 85*t**3/6 - 12*t**2. Is y(32) composite?
False
Let b(t) = t**3 - 15*t**2 - 39*t + 84. Let m be b(17). Is ((-9)/(72/23992))/m a prime number?
True
Suppose a + 576676 = y + 60078, -y + 516594 = -5*a. Is y a composite number?
False
Let m(j) = 14*j**3 + 9*j**2 + 5*j - 15. Let v be m(6). Suppose -k = -1910 - v. Is k composite?
False
Let k(s) be the second d